 = 38. Determine f(i).
-2
Let r(u) = -2*u. Let g be r(-3). Let d(v) = -4*v + v**2 - 6*v + 3*v + v. Determine d(g).
0
Let p be 6/8 - ((-20)/16 + -5). Let m(t) = t**2 - 8*t - 10. Calculate m(p).
-17
Let p(t) be the second derivative of -t**5/20 - t**4/6 - t**3/6 - t**2 - t. Let v be -3*(-1 - 0) - 3. Suppose 3 = 2*z - 0*m + 3*m, 2*m - 6 = v. What is p(z)?
10
Let j(c) = -c**2 - 16*c + 3. Let a(y) = -2*y + 1. Let i(q) = -4*a(q) + j(q). Determine i(-8).
-1
Let i = -131 + 141. Let a(y) = -17 - i*y + 18 - y**2 - 9. Give a(-8).
8
Suppose -3*h = 13*h - 128. Let n(c) = -c**2 - 970*c + h*c**2 + 967*c - 1. Determine n(-2).
33
Suppose 3*l - 3 + 6 = 0. Let z be -3 + 5*(-1)/l. Let p(i) = i**2 + 2. Calculate p(z).
6
Let g(h) = -h - 14. Suppose 33 = 2*t - 5*w, -w - 16 = t + 3*w. Let x be -22*(-3)/(-24)*t. Give g(x).
-3
Let s = 8 - 9. Let z = s - -3. Let r(t) = z*t**2 - 3*t**2 - t**3 - 3 - 2*t + 4*t**2. Determine r(3).
-9
Let x(q) = q**2 + 9*q + 9. Let n(l) be the second derivative of l**5/20 + 5*l**4/3 + 19*l**3/6 - 7*l**2/2 + 14*l. Let c be n(-19). What is x(c)?
-5
Let a = -34 - -34. Let n(u) = 5 + 2*u - u**2 + 4*u + a + 0*u. What is n(6)?
5
Suppose 0 = -69*r + 73*r - 220. Suppose 0 = 5*s - 5*l + r, 2*s - 3*l - l + 30 = 0. Let v(t) be the first derivative of -t**2 - 6*t + 2. Determine v(s).
8
Let b(g) = -5*g**2 - 5*g + 15. Let u(p) = -6*p**2 - 6*p + 17. Let v(n) = -5*b(n) + 4*u(n). Determine v(0).
-7
Let g(j) = -j - 2. Let a be g(-7). Let o = a + -6. Let q = 0 - o. Let w(u) = -3*u**3 - 2*u + 1. Give w(q).
-4
Let x(w) = -w**2 - 7*w - 5. Let n(r) = -r**3 - 7*r**2 + r + 2. Let l be n(-7). Let s be x(l). Let p(z) = s - z - 2 - 1. What is p(-3)?
5
Let k = -994 + 996. Let z(o) = -4*o**2 - 3*o + 1. What is z(k)?
-21
Let i(g) = 5*g - 9*g + 3*g**2 - 5 + 0*g**2 + g**2 + g**3. Suppose 4*z - 64 = -16. Let w = 8 - z. Determine i(w).
11
Suppose 2*x = -0*x - 3*v - 5, -2*x - 2 = 2*v. Let b(f) = -2*f - 3*f**2 + 5 + 9 + x*f**2 - 15. Determine b(-1).
0
Let r(s) = -10*s - 3. Let u(w) = 2*w + 1. Let p(a) = -r(a) - 6*u(a). Give p(-4).
5
Let q(h) = -h - 2. Let u(n) = n**3 + 10*n**2 - 11*n + 6. Let f be 3634/(-69)*27/(-2). Let i be (-4)/(-14) + f/(-63). Let c be u(i). Determine q(c).
-8
Let b(d) = -7*d**3 + 21*d**2 + 9*d + 11. Let p(k) = 4*k**3 - 12*k**2 - 5*k - 6. Let x(q) = 3*b(q) + 5*p(q). Let u be (-5)/10 + 18/4. Give x(u).
-5
Let a = -1348 + 1347. Let l(t) = 8*t**2 + t + 1. What is l(a)?
8
Suppose 19 = -2*w - 5*o, 8*o - 3*o = 3*w - 34. Let t(b) = -2*b**2 + b**2 + 16*b + w - 22*b + 0. Let c be 1/(-4)*-10*-2. What is t(c)?
8
Let t = -285 - -291. Let u(j) = -4*j**2 + 10*j + 3. Let i(a) = a**2 - a. Let l(y) = -3*i(y) - u(y). What is l(t)?
-9
Let h(q) be the third derivative of 7/6*q**3 + 1/30*q**5 + 0*q + 19*q**2 + 0 - 1/3*q**4. Give h(5).
17
Let d(h) = 9*h**2 + h**2 + 6 - h**3 + 10*h**2 - 21*h**2 + 2*h**3 + h. What is d(0)?
6
Let w(z) = z**3 + 2*z + 6. Let h(m) = -2*m**3 + m**2 - 4*m - 12. Let c(t) = 6*h(t) + 13*w(t). What is c(-6)?
-6
Let g(w) = -7*w**2 + w - 1. Suppose -18*f - 3*y = -21*f - 3, 6 = 2*f + 2*y. Calculate g(f).
-7
Let f(v) = v**3 - 7*v**2 - v + 13. Suppose 0 = -5*q - 3*o + 47, 0 = 2*q + o - 57 + 39. What is f(q)?
6
Suppose -8*w - 2*u = -3*w + 40, 3*u = 0. Let c(f) = f**3 + 7*f**2 - 11*f - 11. What is c(w)?
13
Let g(h) = -2*h**3 + 43*h**2 + 74*h - 94. Let q be g(23). Let r(k) = -k + 22. Give r(q).
1
Let b(k) = -k**2 - 13*k - 2. Let l(w) = -5*w + 37. Let u = 26 + -16. Let v be l(u). Give b(v).
-2
Let n(h) = -h - 12. Let d(w) = -2*w**3 - 85*w**2 - 40*w + 79. Let b be d(-42). Give n(b).
-7
Let p(x) = -x + 3. Let s be p(-4). Let c(a) be the third derivative of a**6/120 - 7*a**5/60 - a**4/12 + 2*a**3/3 + 11*a**2 + 36. What is c(s)?
-10
Let c(q) = 2*q + 3*q - 5 + 2*q - 13 - 5*q. Calculate c(8).
-2
Suppose 39*a + 523 = 133. Let n(l) = l. Give n(a).
-10
Let x(n) = n**2 - 10*n + 6. Let u be (41 - 40) + 1*8. What is x(u)?
-3
Let m(o) = -36*o**2 - o - 1. Let l be (-19)/38 + (-2)/4. What is m(l)?
-36
Let z(s) be the first derivative of -3*s - 12 + 1/2*s**2. Determine z(5).
2
Let o(b) = -b**3 - 3*b**2 - b + 3. Suppose -4*w + 5 = -3*z, -71 + 16 = 5*z + 5*w. Let c = z + 9. Suppose -c*i + 6*i = -12. Give o(i).
6
Let k(z) = 8*z - 21. Let c be k(7). Let o = -38 + c. Let f(g) = g**2 + 5*g + 2. What is f(o)?
-4
Let n(q) be the first derivative of q**4/2 + 2*q**3/3 + 5. Suppose 0 = 5*p + 5*v + 11 + 9, -5*p + 5*v = 0. Determine n(p).
-8
Let a(x) = 4*x**2 - x - 1. Let p(k) = 4*k**2 + 29*k + 3. Let c be p(-7). Let m be -5 + 7 - (-1 + c/(-4)). Determine a(m).
13
Let t be 36*((6 + -1)/15 + 0). Let o(f) = f**3 - 12*f**2 - f + 14. Give o(t).
2
Suppose -7*y = -17*y - 800. Let o be (-2)/10 + 0 + (-736)/y. Let g(p) = p - 9. What is g(o)?
0
Let o(g) = 2*g**2 + 3. Let z = -263 - -266. Calculate o(z).
21
Let u(a) be the third derivative of -a**8/20160 - a**7/2520 + 2*a**5/15 + 7*a**2. Let f(s) be the third derivative of u(s). What is f(-2)?
0
Let x(a) = -a**3 + 7*a**2 + 10*a. Let p be (9/12)/(3/96). Let u = p - 16. Calculate x(u).
16
Let m(h) = 165 - h + 161 + h**2 - 326. Give m(1).
0
Let l(j) = -98 + 197 + 4*j - 103. Let q be ((-10)/4)/((-1)/2). Give l(q).
16
Let x(w) be the first derivative of w**4/4 - w**3 - w**2/2 - 4*w + 58. What is x(4)?
8
Let s(l) = 2*l**2 + 10*l - 12. Let b(o) = -3*o**2 - 10*o + 13. Let y(p) = 3*b(p) + 4*s(p). Give y(10).
-9
Let h(f) = -2*f**2 + 356 - 178 + f**3 - 179. Give h(3).
8
Let y(o) = o**3 - 2*o + 12 + 22*o**2 + 10*o**2 + 0*o**3 - 41*o**2. What is y(9)?
-6
Let l(y) = -2*y**2 + 3*y + 4. Let s(i) = -i**3 - i**2 + i + 1. Suppose -13*k + 3*k = 20. Let m be s(k). What is l(m)?
-5
Suppose 4*j + 18 = 2*r, -3*j = 6*r - 10*r + 6. Let d(b) = -b**3 - 5*b**2 + 4*b + 1. What is d(j)?
13
Let v(d) = 1 + 8*d - d**2 - 7 + 1 - 2. Suppose -6*b - 9 = -7*b - h, 5*b = 2*h + 24. What is v(b)?
5
Let x(l) = 15*l**2 - 21*l - 32. Let p(q) = -7*q**2 + 10*q + 15. Let t(w) = 13*p(w) + 6*x(w). Suppose -3*f + 35 = 2*f. Determine t(f).
-18
Suppose -3*o - 31 = -49. Suppose 0 = -4*c + 2*f + 8, -5*c + 7 = -2*f - 2. Let h(a) = c + 5 - 5*a**2 - a**3 + 11*a**2. Give h(o).
6
Suppose -4*x + b = -8*x + 1099, -3*x + 2*b + 838 = 0. Let c(g) = 13*g**2 - 276 + x. Let a = -2 + 1. Give c(a).
13
Let q(t) = -20*t**2 - 26*t + 8. Let r(m) = -7*m**2 - 9*m + 3. Let w(b) = 6*q(b) - 17*r(b). Suppose -18 + 4 = -2*u. Let y = 2 - u. Determine w(y).
-13
Let a(r) = -12*r**3 - 2*r**2 + 1. Suppose 5*s - 187 = -6*s. Suppose 3*y = s*y - 14. Calculate a(y).
-13
Let q(t) = t**2 + 10*t + 8. Suppose 21 + 35 = -8*b. Calculate q(b).
-13
Let p(m) = -36*m**2 - 6*m + 71*m**2 - 5 - 38*m**2. Let y(z) = 13*z**2 + 24*z + 21. Let n(o) = 9*p(o) + 2*y(o). Give n(-5).
2
Let v(d) = -d - 8. Let c(p) = -p**2 + 3*p + 15. Let u be c(-3). Determine v(u).
-5
Suppose 79*t - 84*t - 40 = 0. Let d(x) = x**3 + 8*x**2 + 5. Calculate d(t).
5
Let q(s) = -s + 22. Let r be (18/(-4))/((-6)/12). Give q(r).
13
Let f = -995 + 997. Let s = 3 + -1. Let u(y) = -f*y**s + 3 - y**3 + 0*y**2 - 2*y**2 + 2 + y. Give u(-4).
1
Let l(o) = -322 + 159 + 3*o**2 + o**3 + 159. Calculate l(-3).
-4
Let v(s) = -35*s**3 + 48*s**2 - 9*s - 81. Let h(g) = -19*g**3 + 24*g**2 - 5*g - 42. Let d(w) = -11*h(w) + 6*v(w). Give d(24).
0
Suppose 0 = -7*o + 5*o + 6. Suppose -o*x = w - 6*x - 1, -5*w - 3*x - 31 = 0. Let k(u) = u**2 + 5*u - 2. What is k(w)?
-2
Let o = 11208 - 11203. Let m(r) be the first derivative of r**4/4 - 4*r**3/3 - 4*r**2 + 6*r + 1. Determine m(o).
-9
Let n(t) = -t**3 - 4*t**2 + 14*t - 5. Suppose 5*k + 22 = 18*f - 22*f, 28 = -5*k - f. Give n(k).
-17
Let n be 20/(-40) - (0 + 15*1/6). Suppose -4*o + 3*y = -3*o - 4, 5*o = -4*y - 18. Let c(g) = -2*g. Let x(j) = j. Let m(w) = o*x(w) - 2*c(w). Give m(n).
-6
Let l = -3 - 5. Let n = -7 - l. Let k(v) = 3*v + 1. Let o(b) = -b + 1. Let w(a) = -k(a) + 2*o(a). Calculate w(n).
-4
Let x(s) be the second derivative of s**4/12 - s**3 + s**2/2 - 111*s - 1. Determine x(7).
8
Let i(n) = 2*n**2 - 4*n - 11. Let j(v) = 4*v**2 - 8*v - 25. Let u(a) = 5*i(a) - 2*j(a). Determine u(4).
11
Let d be (-16)/64 + (-2)/(-8). Let i = d + 0. Let p(r) = -r**2 + r + 8. Let o(x) = -1. Let y(t) = 2*o(t) + p(t). Give y(i).
6
Let v(k) = k**3 - 5*k**2 + 6*k + 5. Let r(u) = -u**3 + 6*u**2 - 6*u - 4. Let h(i) = 3*r(i) + 2*v(i). Calculate h(7).
5
Let u(a) = -2*a**2 - a**3 +